et t = -20 - l. List the prime factors of t.
2
Let j(x) = -x**2 - 17*x - 13. Suppose 0 = 4*a + a + 70. List the prime factors of j(a).
29
Let a = 3 + -1. Suppose 34 = 2*l - x, 2*x - 6*x - 22 = -a*l. List the prime factors of l.
19
Let t(p) = -p**2 + 6*p - 1. Let c = -7 + 17. Let h = c - 5. What are the prime factors of t(h)?
2
What are the prime factors of ((-11)/(-22))/(2/576)?
2, 3
Let j = 26 - 18. What are the prime factors of j?
2
What are the prime factors of (38/10)/(9/45)?
19
Let k = 89 - 47. Suppose -2*h + 69 = 5*m + 12, h - k = 2*m. What are the prime factors of h?
2, 3
Let x(a) be the first derivative of -a**3/3 + 3*a**2 + 9*a - 1. Suppose -4*l = -20, -2*u - 2*l + 4 = -4*l. List the prime factors of x(u).
2
Let d(v) = v + 9. Let z be d(-5). Suppose z*h + 4*q - 13 - 103 = 0, 2*q + 14 = h. What are the prime factors of h?
2, 3
Let u(d) be the second derivative of d**3/6 - 3*d**2/2 + d. Let t be u(3). Suppose t*o - 27 = -3*o. What are the prime factors of o?
3
Let y be 0 - (-2 + 3) - -3. Suppose -y*p + 8 = 2. Suppose -5*b + 11 = h, 1 = -p*b + 4*h + 3. What are the prime factors of b?
2
Let r(d) = d**3 + 11*d**2 + 9*d - 2. Suppose -f - f = 20. List the prime factors of r(f).
2
Let m(u) = u + 9. Let v be m(-11). Let b(c) = c**2 + c. Let g be b(v). Suppose g*h - 33 = -h. What are the prime factors of h?
11
Let x(s) = 5*s**2 + s - 2. What are the prime factors of x(3)?
2, 23
Suppose -l + 1 = s - 0, -2*l + s + 8 = 0. Suppose 4 = -i + 3*x, -l*i - 5*x = -7*i + 19. What are the prime factors of i?
11
Let f = 17 + -10. Let o(g) = -4*g**2 + 13*g - 7. Let s(c) = -7*c**2 + 25*c - 15. Let a(v) = -5*o(v) + 3*s(v). List the prime factors of a(f).
11
Let a(h) = -3*h - 12. Let s = 2 + 3. Let l be -17 + s - (1 - 4). What are the prime factors of a(l)?
3, 5
Suppose 2*r + p - 2*p = 0, 3*r = -p + 10. Suppose 0*l + r*l = 4. List the prime factors of l.
2
Let k(a) = -a**2 - 11*a - 1. What are the prime factors of k(-10)?
3
Let v(k) be the third derivative of 0*k + 5/2*k**3 + 0 - 1/24*k**4 - 2*k**2. What are the prime factors of v(9)?
2, 3
Let q(c) = -c**3 - 10*c**2 + 2. Let s be q(-10). Suppose -16 = -2*i + s. What are the prime factors of i?
3
Let f(m) = -m**2 - 8*m - 7. Let v be f(-7). Suppose 3*d + 3*a = 6, v*a - 10 = -5*d - 3*a. Suppose d*x + 13 = 37. List the prime factors of x.
2, 3
Let a(q) = 2*q**3 - 6*q**2 + 4*q - 7. What are the prime factors of a(4)?
41
Let y = 9 - 3. Let d be 3/(-4) - (-4)/(-16). List the prime factors of (-6 + d)*y/(-7).
2, 3
Suppose 22 = -4*p - 30. Let s = p + 21. What are the prime factors of s?
2
Let l = 5 + -2. Suppose 0 = i + l*d - 6, 2*d - d - 17 = -2*i. Suppose i = 4*k - 3. List the prime factors of k.
3
Suppose -m + 161 = 4*n - 2*m, -n + 4*m = -59. Let d = n - 23. List the prime factors of d.
2
Let o(d) = -d**2 - 18*d - 13. Let u be o(-17). Let w be ((-4)/((-4)/3))/1. Suppose u*i = 2*z + 44, -w*i + 15 = z + 2*z. What are the prime factors of i?
3
Let y = -62 - -101. What are the prime factors of 4/(-8) - y/(-6)?
2, 3
Suppose 0 = -5*u - 4*g + 54, -u + 0*u + 10 = g. List the prime factors of u.
2, 7
Let o(m) = m**2 - 5*m - 2. Suppose 0*h - h + 2 = 0. Suppose -6 = -5*d + h*w + 34, -3*d + 3 = 3*w. What are the prime factors of o(d)?
2
Let s(r) = -4*r + 1. Let a be s(-6). Suppose 6*b - a = b. Suppose -b*q + 21 = 3*d - d, -5*d - q = -18. What are the prime factors of d?
3
Let f(c) = 6*c - 2*c**3 + c**3 + 6*c**2 + 4 + 4 + 1. Let n be f(7). Suppose 5*s - 4*g = -n*g + 57, -4*g - 26 = -2*s. List the prime factors of s.
11
Suppose -18 = -5*y + 87. List the prime factors of y.
3, 7
Suppose 0*d + 5*z + 9 = -4*d, 2*z + 10 = 0. Suppose d*n + g - 17 = 0, -4 = 4*g - 24. What are the prime factors of 2 + 6/(0 + n)?
2
Suppose 32 = -4*i - 2*a, 5*i + a = 2*i - 24. Let d = 11 + i. What are the prime factors of d?
3
What are the prime factors of (68/8)/(3/36 - 0)?
2, 3, 17
Let f(s) = s + 4. Let r be f(-3). What are the prime factors of r*19 - (-7 - -10)?
2
Suppose 0*d - 4*d + 12 = 0. Suppose 4*r + d*i = 39, 4*r + 2*i - 19 = 3*i. What are the prime factors of r?
2, 3
Let f(r) be the first derivative of r - 5/2*r**2 - 2. List the prime factors of f(-2).
11
Suppose -8 - 2 = -5*k, -m + 2*k + 23 = 0. List the prime factors of m.
3
Let x(z) = z**3 + z**2. Let t(m) = -m. Let h(f) = -t(f) - x(f). List the prime factors of h(-3).
3, 5
List the prime factors of 107 + (-32)/48*(0 - -6).
103
What are the prime factors of 218 + ((-12)/(-18) - (-14)/6)?
13, 17
Suppose -3*d = -142 - 200. List the prime factors of d.
2, 3, 19
Let f = -5 + 7. Suppose 4*l - 8 - 1 = -3*y, -2*l + 5*y - 15 = 0. Suppose l = -g + f + 9. What are the prime factors of g?
11
Suppose -9 = -k + 5*k - 3*b, 0 = -3*k - 4*b - 13. Let d = k + 6. Suppose 4*l = -d*p + 29, -5*p + 5*l = -3 - 22. What are the prime factors of p?
7
Let v(d) = d**2 - 2*d + 2. List the prime factors of v(7).
37
Let n(a) = -a + 8. Suppose 5*m - 8 = m. Suppose -m*v = v. List the prime factors of n(v).
2
Let n(v) = 2*v + 3. Let o be n(6). Suppose 0*l - 5*l = o. Let w = l - -13. What are the prime factors of w?
2, 5
Let v(m) = m**3 - 5*m**2 - 3*m - 5. Let q be v(6). Let c = -11 + 7. Let l = q - c. What are the prime factors of l?
17
Let p(a) = -a. Let h be p(0). Suppose h = -3*f + 11 + 7. Suppose 0 = f*z - z - 50. List the prime factors of z.
2, 5
Suppose 5*y - 7*y + 8 = 0. Suppose 4*r - 3*d = 17, 0 = 5*r - 4*d - y - 17. What are the prime factors of r?
5
Let v = 30 - 20. Let y = -9 + 4. Let k = v + y. What are the prime factors of k?
5
Let y(n) = n**2 - 6. Let v(r) = -r**2 + r + 5. Let j(g) = -5*v(g) - 4*y(g). What are the prime factors of j(6)?
5
Suppose -3*q - 2*p = -5*p + 15, p - 5 = -3*q. Suppose 3*k - 18 = -q*k. Suppose -4*v - 5*i + 29 = 0, -18 = 4*i - k. What are the prime factors of v?
11
Suppose -4*c = -2*w - 2*w + 172, -2*w + 86 = -c. List the prime factors of w.
43
Let c be 4/(-10) + (-84)/(-10). Let y(j) be the first derivative of j**4/4 - 7*j**3/3 - 3*j**2 - 10*j + 4. List the prime factors of y(c).
2, 3
Let j(s) = -3*s**2 + 55. What are the prime factors of j(0)?
5, 11
Suppose -20 + 4 = 2*y. Let q be (-1)/(-4) + (-126)/y. Let f = q - 11. What are the prime factors of f?
5
Let p(j) = -j + 1. Let a be p(1). Suppose a = 2*g - 3*g + 14. List the prime factors of g.
2, 7
Let z = -2 - -17. What are the prime factors of z?
3, 5
List the prime factors of 6/(2*4/28).
3, 7
Let h be 10/(-3)*336/(-70). Let v = 38 - h. List the prime factors of v.
2, 11
Suppose 2*v + 13 = 3*v - 5*r, 3*r + 5 = 2*v. Let y be (-4)/10 - v/5. Suppose y = 2*c - 4 - 8. What are the prime factors of c?
2, 3
Let c(v) = 2*v - 4*v + 6*v + 0*v - 7. What are the prime factors of c(6)?
17
Suppose -h - 3*h - 4 = 0. List the prime factors of 2 - (1 + -1)/h.
2
Suppose -5*l + 84 = 3*i, -4*l = i - 25 - 38. Suppose 5*g - 5*k - l = 0, k + 0 = 3*g - 7. List the prime factors of g.
2
Suppose -7*n = -5*n - 4*i, 0 = -2*n + i + 3. What are the prime factors of n?
2
Suppose -3*f - 12 = f. Let m be (-70)/f*24/5. List the prime factors of m/(-40)*(-10)/4.
7
Suppose q = -4*m + 5 - 0, -5*q = -5*m + 25. Suppose -5*f - 74 + 32 = -m*x, 5*f = x - 11. List the prime factors of x.
31
What are the prime factors of (-1)/(-4)*1283 + 1/4?
3, 107
Suppose 5*o = -88 + 13. What are the prime factors of ((-10)/o)/(1/6)?
2
Suppose -5 = -5*i - 2*v, -20 = -5*i - v + 2*v. Let x(y) = 5 + y**i - 2*y**3 - 3*y + 9*y**2 - 14*y**2. List the prime factors of x(-5).
2, 5
Suppose 0 = 3*f + 15, 0 = -6*r + 2*r + f + 41. What are the prime factors of r?
3
Let p(j) = -5*j - 22. List the prime factors of p(-11).
3, 11
Let x = 13 - 21. What are the prime factors of x/(-5)*(-25)/(-10)?
2
Suppose -3*p + 7*p = 204. Suppose t + p = 4*t. What are the prime factors of t?
17
Suppose -40 = -j - j. Suppose 2*c - j = c. Suppose -k - 3*o + 29 = 11, 5*o = c. List the prime factors of k.
2, 3
Let i(d) = -d**2 + 8*d - 2. Let u be i(3). Let h be (-10)/(-4)*(-24)/(-3). Let x = h - u. What are the prime factors of x?
7
What are the prime factors of (30/(-18))/(1/(-12))?
2, 5
List the prime factors of 745/15 - 2/3.
7
What are the prime factors of (-2)/7 - (-1900)/35?
2, 3
Suppose 0 = -2*o + 6 - 2. Suppose 2*c = -o*c + 28. List the prime factors of c.
7
Suppose 0 = -11*x - 1 + 56. Let y = 85 + -25. Suppose 4*r = -4